d) = -d + 1. Let i be u(0). Let w be 1 - (-26 + -3)/i. What is the highest common divisor of w and 75?
15
Suppose 0 = -s - 2*s + 108. Let c be -3 + 18 + (-3)/(-3). Suppose -10 = -2*l - 0*l - i, -2*l - 4*i = -c. Calculate the greatest common factor of l and s.
4
Let y be (-103 - 2)*14/(-21). What is the greatest common divisor of y and 10?
10
Let h(u) = 2*u + 10. Let g be h(9). Calculate the highest common divisor of 4 and g.
4
Let f be ((-38)/4 - -2)*100/(-15). What is the highest common factor of 125 and f?
25
Suppose -365 = -4*h + 6*m - m, 0 = -3*h + 4*m + 274. What is the highest common factor of 10 and h?
10
Let k = 97 + -93. Calculate the highest common divisor of 8 and k.
4
Suppose -3*h + 3*i + 219 = 0, 4*h = 2*i + i + 295. Calculate the greatest common factor of h and 19.
19
Let d = -14 - -9. Let f be (-18)/d - (-10)/25. Let z = 16 + f. What is the highest common divisor of z and 220?
20
Suppose -2*v + 4*j = -118, 3*v + j - 157 = -3*j. Let i(s) = -s**2 - s + 12. Let c be i(0). Let g = 17 - c. What is the highest common divisor of g and v?
5
Let z(p) = -p + 14. Let r be z(-5). What is the greatest common factor of r and 1?
1
Let r(h) = -3*h - 5. Let o(a) = -a**2 + 10*a - 7. Let d be o(8). Suppose d = 4*k + 29. Let p be r(k). Calculate the greatest common factor of p and 30.
10
Let t be (-24)/6*(-110)/4. What is the greatest common divisor of t and 44?
22
Let l be -1 - 0 - (-15 + 1). Suppose -5*i + l = -12. Suppose 54 = -i*z + 144. Calculate the highest common factor of 144 and z.
18
Suppose 0*d + 252 = 3*d. Let f be (d/70)/((-2)/(-65)). Calculate the greatest common factor of f and 26.
13
Let l be 12/(-18)*(-61 - (-6)/(-3)). Let o(s) = -s**2 + 10*s + 3. Let t be o(5). What is the greatest common factor of l and t?
14
Let b be 0/((-5)/((-20)/(-8))). Let l = b + 9. What is the greatest common factor of 54 and l?
9
Suppose 0*s + 126 = 2*s. Let p = 113 + -104. What is the highest common divisor of p and s?
9
Suppose 2*r = 3*r + 20. Let m be (-8)/r*(54 - -1). Calculate the highest common divisor of 88 and m.
22
Let g = -91 + 115. Calculate the highest common factor of 6 and g.
6
Suppose 4*r + 5 = 33. Suppose -p + r = -23. Calculate the highest common factor of p and 10.
10
Let j = -72 + 102. Calculate the greatest common factor of j and 20.
10
Suppose -3*l - 2*l - 4 = 4*f, l + 4 = -4*f. Let g be (-9)/((-3)/6 - l). Suppose -4*r = -3*r - g. What is the greatest common divisor of 45 and r?
9
Suppose 5*u = 243 + 527. Let i(b) = b**3 - 4*b**2 + b + 1. Let r be i(4). Suppose 0 = -5*k + 65 + r. Calculate the greatest common factor of u and k.
14
Suppose 2*k = k + 5. Suppose -v + 5*m - 4 = k, -3*v + 2*m - 1 = 0. What is the greatest common divisor of 1 and v?
1
Let a = 168 - 153. Calculate the highest common factor of a and 120.
15
Suppose 0 = -0*f + 3*f - 45. Calculate the highest common factor of f and 120.
15
Let m(t) = 4 - 23*t + 9*t + 0*t. Let a be m(-2). What is the highest common divisor of a and 16?
16
Let t(y) = y**3 - 7*y**2 + 5*y - 10. Let v be t(7). What is the highest common factor of v and 5?
5
Let t be 2 - (4 + -3 + -12). What is the greatest common factor of 65 and t?
13
Suppose -16 = -4*p - 4. Let i be 16/6*p/2. What is the greatest common factor of 20 and i?
4
Suppose 3*f + 8 - 20 = 0, -2*h = -3*f - 108. Suppose h = -l + 5*l. Let s = -9 - -24. Calculate the highest common divisor of l and s.
15
Suppose 0 = -h + 4*j + j + 49, 0 = -2*h - 5*j + 143. Suppose 0 = -4*v + h. Let r be ((-30)/4)/((-2)/v). Calculate the greatest common factor of r and 10.
10
Let g = -7 + 33. Let q(i) = 92*i. Let k be q(1). Suppose 2*w = k - g. What is the greatest common divisor of 11 and w?
11
Let r(w) = -4*w + 3 - 4*w**2 + 8*w**2 - w**2 + 0*w**2. Let d be r(-5). Calculate the greatest common factor of 14 and d.
14
Suppose 5*j + t = -2*t + 171, -3*t + 6 = 0. Calculate the greatest common divisor of j and 11.
11
Suppose 4*p = -34 + 190. Let i(k) = -k**2 - 8*k + 1. Let n be i(-6). Calculate the greatest common factor of n and p.
13
Let y(i) = -99*i + 3. Let t be y(-3). Let r be ((-4)/(-6))/(8/t). Suppose 4*v - 10 = 3*v. What is the greatest common divisor of r and v?
5
Let w(t) = 2*t**2 + 17*t + 4. Let j be w(-9). What is the highest common divisor of 117 and j?
13
Let n(v) be the third derivative of v**4/24 + 4*v**3/3 + 4*v**2. Let t be n(0). What is the greatest common factor of 88 and t?
8
Let b = 5 + 9. Let s(l) = l**3 + l. Let q be s(1). Suppose q*w + 4 - b = 0. Calculate the highest common divisor of 35 and w.
5
Suppose 0*p - 42 = -2*p. Let i be p - 3/12*4. What is the highest common divisor of 100 and i?
20
Suppose -3*v = k - 141, v = -4*k + 130 + 445. What is the highest common divisor of k and 18?
18
Suppose -12 = r - 52. What is the greatest common divisor of 16 and r?
8
Suppose 12 = 3*h - 2*h. Let b be h + 0 - 0/1. Suppose -115 = -5*z - 5*x, z - 105 = -4*z - 3*x. What is the highest common factor of b and z?
6
Suppose -6*d = -20*d + 336. Calculate the highest common factor of d and 108.
12
Suppose -4*u = 5*i - 1006, -i + 182 = u - 5*u. Calculate the greatest common factor of i and 18.
18
Suppose -2*r + 105 = -51. What is the highest common divisor of 26 and r?
26
Let n(f) be the second derivative of f**3/2 + f**2 + 6*f. Let j be n(6). What is the highest common factor of j and 10?
10
Let s(p) = p**2 - 6*p + 8. Let m be s(7). Let j = m + 90. Calculate the greatest common divisor of j and 15.
15
Let z(l) = -l - 3. Let h(g) = -2*g**3 + 2*g**2 - 2*g - 1. Let m be h(2). Let r be z(m). Calculate the greatest common divisor of 4 and r.
2
Suppose 0*o - 3*o - 9 = 0. Let l be 3/9 + (-383)/o. Let q(g) = g**2 - 3*g - 2. Let f be q(-3). Calculate the greatest common divisor of f and l.
16
Let y be ((-24)/14)/(10/(-175)). Calculate the greatest common divisor of y and 45.
15
Suppose -n + 18 = 4*y - 2*y, -2*y = -5*n + 114. Suppose 0 = w + 2 - n. Suppose 0 = -0*i - i + 20. What is the greatest common factor of i and w?
20
Let w = 0 + 4. Suppose -j - 44 = 3*j. Let u = 19 + j. What is the highest common factor of u and w?
4
Let v(u) be the first derivative of -25*u**4/2 + u**3/3 + u**2/2 - 2. Let x be v(-1). Calculate the highest common factor of x and 10.
10
Let k be (87 - -1)*3/2. Suppose 2*x + 20 = 6*x. Suppose j + x*z = 7, 0 = 4*j - 2*z - 3 - 47. What is the greatest common divisor of j and k?
12
Let m = -1 - -2. Calculate the highest common divisor of 7 and m.
1
Let s = 95 - 75. Suppose 0*l + z - 16 = -4*l, -4*z = -2*l + 26. What is the highest common divisor of s and l?
5
Suppose -3 - 7 = -5*w. Suppose -w*f - f = -135. Calculate the greatest common factor of f and 30.
15
Suppose -4*i = 6*j - 2*j - 136, 0 = -4*i - 5*j + 136. What is the greatest common factor of 85 and i?
17
Let a(h) = -2*h**3 - 5*h**2 - h - 13. Let t be a(-5). Calculate the highest common factor of t and 13.
13
Let q = 25 + -19. What is the greatest common factor of 2 and q?
2
Let n be 5*(1 + (-31)/(-5)). Let q = n - 26. Suppose 4*c = 8, 5*y + 45 - 235 = 5*c. What is the greatest common divisor of q and y?
10
Let t be (-728)/(-11) - (9/(-11) - -1). What is the highest common factor of 44 and t?
22
Suppose 6*b + 20 = b, 0 = -2*j - 2*b + 112. What is the greatest common divisor of j and 45?
15
Let h(w) = w**3 + 4 - 2*w**2 - w**3 - w**3. Let q be h(-3). Let l be (12/1)/((-3)/(-26)). What is the highest common factor of l and q?
13
Let n(o) = o**3 + o**2 + 4*o - 3. Let j be n(-5). Let l = j - -189. What is the greatest common factor of 11 and l?
11
Let h = -84 + 92. Calculate the highest common divisor of h and 72.
8
Suppose -5*v - 90 = c - 3*c, 2*c - 122 = -3*v. What is the highest common factor of 5 and c?
5
Let v = -57 - -97. Calculate the highest common divisor of v and 100.
20
Let f = -43 + -22. Let o = -38 - f. Calculate the greatest common factor of o and 3.
3
Let w = 95 + -53. Calculate the highest common divisor of 63 and w.
21
Let g(k) be the third derivative of -5*k**4/24 + k**3 - 4*k**2. Let m be g(-6). Calculate the greatest common factor of 4 and m.
4
Suppose -216 - 124 = -17*l. What is the highest common factor of l and 220?
20
Suppose 0*q - q = -2*v + 106, v - 4*q = 53. Suppose 4*d - c - v = 0, 19 = 2*d - 2*c + 3*c. Calculate the highest common factor of d and 12.
12
Let f(r) =